{"id":711,"date":"2023-11-28T16:07:23","date_gmt":"2023-11-28T16:07:23","guid":{"rendered":"https:\/\/ciencias.lamolina.edu.pe\/?page_id=711"},"modified":"2023-11-28T16:07:33","modified_gmt":"2023-11-28T16:07:33","slug":"syllabus-departamento-de-ingenieria-ambiental","status":"publish","type":"page","link":"https:\/\/ciencias.lamolina.edu.pe\/?page_id=711","title":{"rendered":"Syllabus Departamento de Ingenier\u00eda Ambiental"},"content":{"rendered":"<p>[et_pb_section fb_built=&#8221;1&#8243; _builder_version=&#8221;4.18.1&#8243; _module_preset=&#8221;default&#8221; custom_padding=&#8221;4px|||||&#8221; locked=&#8221;off&#8221; global_colors_info=&#8221;{}&#8221; theme_builder_area=&#8221;post_content&#8221;][et_pb_row use_custom_gutter=&#8221;on&#8221; _builder_version=&#8221;4.18.1&#8243; _module_preset=&#8221;default&#8221; width=&#8221;100%&#8221; max_width=&#8221;2560px&#8221; min_height=&#8221;259px&#8221; custom_padding=&#8221;0px|||||&#8221; global_colors_info=&#8221;{}&#8221; theme_builder_area=&#8221;post_content&#8221;][et_pb_column type=&#8221;4_4&#8243; _builder_version=&#8221;4.18.1&#8243; _module_preset=&#8221;default&#8221; global_colors_info=&#8221;{}&#8221; theme_builder_area=&#8221;post_content&#8221;][et_pb_image src=&#8221;https:\/\/ciencias.lamolina.edu.pe\/wp-content\/uploads\/2022\/11\/C_ambiental.jpg&#8221; _builder_version=&#8221;4.19.1&#8243; _module_preset=&#8221;default&#8221; global_colors_info=&#8221;{}&#8221; theme_builder_area=&#8221;post_content&#8221;][\/et_pb_image][\/et_pb_column][\/et_pb_row][et_pb_row use_custom_gutter=&#8221;on&#8221; gutter_width=&#8221;1&#8243; _builder_version=&#8221;4.18.1&#8243; _module_preset=&#8221;default&#8221; width=&#8221;58%&#8221; max_width=&#8221;65%&#8221; custom_margin=&#8221;30px||13px||false|false&#8221; custom_padding=&#8221;4px||4px||false|false&#8221; locked=&#8221;off&#8221; global_colors_info=&#8221;{}&#8221; theme_builder_area=&#8221;post_content&#8221;][et_pb_column type=&#8221;4_4&#8243; _builder_version=&#8221;4.18.1&#8243; _module_preset=&#8221;default&#8221; global_colors_info=&#8221;{}&#8221; theme_builder_area=&#8221;post_content&#8221;][et_pb_text _builder_version=&#8221;4.19.4&#8243; _module_preset=&#8221;default&#8221; text_font=&#8221;Raleway|||on|||||&#8221; text_text_color=&#8221;#0066b1&#8243; text_font_size=&#8221;28px&#8221; text_orientation=&#8221;center&#8221; module_alignment=&#8221;center&#8221; hover_enabled=&#8221;0&#8243; global_colors_info=&#8221;{}&#8221; theme_builder_area=&#8221;post_content&#8221; sticky_enabled=&#8221;0&#8243;]<\/p>\n<p>SYLLABUS DE CURSOS<\/p>\n<p>[\/et_pb_text][et_pb_image src=&#8221;https:\/\/ciencias.lamolina.edu.pe\/wp-content\/uploads\/2022\/10\/pie1.webp&#8221; title_text=&#8221;pie1&#8243; align=&#8221;center&#8221; _builder_version=&#8221;4.18.1&#8243; _module_preset=&#8221;default&#8221; custom_margin=&#8221;2px||2px||true|false&#8221; global_colors_info=&#8221;{}&#8221; theme_builder_area=&#8221;post_content&#8221;][\/et_pb_image][et_pb_text _builder_version=&#8221;4.19.4&#8243; _module_preset=&#8221;default&#8221; text_font=&#8221;Raleway||||||||&#8221; text_font_size=&#8221;16px&#8221; text_orientation=&#8221;justified&#8221; custom_margin=&#8221;43px||43px||true|false&#8221; hover_enabled=&#8221;0&#8243; global_colors_info=&#8221;{}&#8221; theme_builder_area=&#8221;post_content&#8221; sticky_enabled=&#8221;0&#8243;]<\/p>\n<table width=\"0\">\n<tbody>\n<tr>\n<td width=\"142\">\n<p>C\u00f3digo<\/p>\n<\/td>\n<td width=\"424\">\n<p>Asignatura<\/p>\n<\/td>\n<\/tr>\n<tr>\n<td width=\"142\">\n<p>CC1025<\/p>\n<\/td>\n<td width=\"424\">\n<p>Introducci\u00f3n a la Ingenier\u00eda Ambiental<\/p>\n<\/td>\n<\/tr>\n<tr>\n<td width=\"142\">\n<p>CC3102<\/p>\n<\/td>\n<td width=\"424\">\n<p>Climatolog\u00eda y Micrometeorolog\u00eda Aplicada<\/p>\n<\/td>\n<\/tr>\n<tr>\n<td width=\"142\">\n<p>CC4028<\/p>\n<\/td>\n<td width=\"424\">\n<p>Contaminaci\u00f3n Atmosf\u00e9rica<\/p>\n<\/td>\n<\/tr>\n<tr>\n<td width=\"142\">\n<p>CC4034<\/p>\n<\/td>\n<td width=\"424\">\n<p>Contaminaci\u00f3n de Aguas<\/p>\n<\/td>\n<\/tr>\n<tr>\n<td width=\"142\">\n<p>CC5008<\/p>\n<\/td>\n<td width=\"424\">\n<p>Evaluaci\u00f3n de Impacto Ambiental<\/p>\n<\/td>\n<\/tr>\n<tr>\n<td width=\"142\">\n<p>CC5030<\/p>\n<\/td>\n<td width=\"424\">\n<p>Evaluaci\u00f3n y Manejo de Riesgos Naturales<\/p>\n<\/td>\n<\/tr>\n<tr>\n<td width=\"142\">\n<p>CC3040<\/p>\n<\/td>\n<td width=\"424\">\n<p>Geograf\u00eda F\u00edsica<\/p>\n<\/td>\n<\/tr>\n<tr>\n<td width=\"142\">\n<p>CC4063<\/p>\n<\/td>\n<td width=\"424\">\n<p>Geom\u00e1tica Aplicada I<\/p>\n<\/td>\n<\/tr>\n<tr>\n<td width=\"142\">\n<p>CC3105<\/p>\n<\/td>\n<td width=\"424\">\n<p>Gesti\u00f3n de Proyectos Ambientales<\/p>\n<\/td>\n<\/tr>\n<tr>\n<td width=\"142\">\n<p>CC5025<\/p>\n<\/td>\n<td width=\"424\">\n<p>Gesti\u00f3n de Residuos Solidos<\/p>\n<\/td>\n<\/tr>\n<tr>\n<td width=\"142\">\n<p>CC3104<\/p>\n<\/td>\n<td width=\"424\">\n<p>Hidrolog\u00eda e Hidrogeolog\u00eda Ambiental<\/p>\n<\/td>\n<\/tr>\n<tr>\n<td width=\"142\">\n<p>CC5000<\/p>\n<\/td>\n<td width=\"424\">\n<p>Ingenier\u00eda de Aguas Residuales<\/p>\n<\/td>\n<\/tr>\n<tr>\n<td width=\"142\">\n<p>CC3112<\/p>\n<\/td>\n<td width=\"424\">\n<p>Introducci\u00f3n a la Geom\u00e1tica<\/p>\n<\/td>\n<\/tr>\n<tr>\n<td width=\"142\">\n<p>CC1025<\/p>\n<\/td>\n<td width=\"424\">\n<p>Introducci\u00f3n a la Ingenier\u00eda Ambiental<\/p>\n<\/td>\n<\/tr>\n<tr>\n<td width=\"142\">\n<p>CC5028<\/p>\n<\/td>\n<td width=\"424\">\n<p>Manejo Ambiental de Cuencas<\/p>\n<\/td>\n<\/tr>\n<tr>\n<td width=\"142\">\n<p>CC3103<\/p>\n<\/td>\n<td width=\"424\">\n<p>Mec\u00e1nica de Fluidos e Hidr\u00e1ulica<\/p>\n<\/td>\n<\/tr>\n<tr>\n<td width=\"142\">\n<p>CC3113<\/p>\n<\/td>\n<td width=\"424\">\n<p>Microbiolog\u00eda Ambiental<\/p>\n<\/td>\n<\/tr>\n<tr>\n<td width=\"142\">\n<p>CC4024<\/p>\n<\/td>\n<td width=\"424\">\n<p>Planificaci\u00f3n Ambiental<\/p>\n<\/td>\n<\/tr>\n<tr>\n<td width=\"142\">\n<p>CC4000<\/p>\n<\/td>\n<td width=\"424\">\n<p>Procesos Industriales<\/p>\n<\/td>\n<\/tr>\n<tr>\n<td width=\"142\">\n<p>CC4062<\/p>\n<\/td>\n<td width=\"424\">\n<p>Seminario en Ingenier\u00eda Ambiental I<\/p>\n<\/td>\n<\/tr>\n<tr>\n<td width=\"142\">\n<p>CC5050<\/p>\n<\/td>\n<td width=\"424\">\n<p>Seminario en Ingenier\u00eda Ambiental II<\/p>\n<\/td>\n<\/tr>\n<tr>\n<td width=\"142\">\n<p>CC4064<\/p>\n<\/td>\n<td width=\"424\">\n<p>Sistemas de Gesti\u00f3n Ambiental<\/p>\n<\/td>\n<\/tr>\n<tr>\n<td width=\"142\">\n<p>CC4035<\/p>\n<\/td>\n<td width=\"424\">\n<p>Tratamiento y Abastecimiento de Agua<\/p>\n<\/td>\n<\/tr>\n<\/tbody>\n<\/table>\n<p>[\/et_pb_text][\/et_pb_column][\/et_pb_row][\/et_pb_section]<\/p>\n","protected":false},"excerpt":{"rendered":"<p>SYLLABUS DE CURSOS C\u00f3digo Asignatura CC1025 Introducci\u00f3n a la Ingenier\u00eda Ambiental CC3102 Climatolog\u00eda y Micrometeorolog\u00eda Aplicada CC4028 Contaminaci\u00f3n Atmosf\u00e9rica CC4034 Contaminaci\u00f3n de Aguas CC5008 Evaluaci\u00f3n de Impacto Ambiental CC5030 Evaluaci\u00f3n y Manejo de Riesgos Naturales CC3040 Geograf\u00eda F\u00edsica CC4063 Geom\u00e1tica Aplicada I CC3105 Gesti\u00f3n de Proyectos Ambientales CC5025 Gesti\u00f3n de Residuos Solidos CC3104 Hidrolog\u00eda e [&hellip;]<\/p>\n","protected":false},"author":1,"featured_media":0,"parent":0,"menu_order":0,"comment_status":"closed","ping_status":"closed","template":"","meta":{"_et_pb_use_builder":"on","_et_pb_old_content":"","_et_gb_content_width":"","om_disable_all_campaigns":false},"_links":{"self":[{"href":"https:\/\/ciencias.lamolina.edu.pe\/index.php?rest_route=\/wp\/v2\/pages\/711"}],"collection":[{"href":"https:\/\/ciencias.lamolina.edu.pe\/index.php?rest_route=\/wp\/v2\/pages"}],"about":[{"href":"https:\/\/ciencias.lamolina.edu.pe\/index.php?rest_route=\/wp\/v2\/types\/page"}],"author":[{"embeddable":true,"href":"https:\/\/ciencias.lamolina.edu.pe\/index.php?rest_route=\/wp\/v2\/users\/1"}],"replies":[{"embeddable":true,"href":"https:\/\/ciencias.lamolina.edu.pe\/index.php?rest_route=%2Fwp%2Fv2%2Fcomments&post=711"}],"version-history":[{"count":2,"href":"https:\/\/ciencias.lamolina.edu.pe\/index.php?rest_route=\/wp\/v2\/pages\/711\/revisions"}],"predecessor-version":[{"id":713,"href":"https:\/\/ciencias.lamolina.edu.pe\/index.php?rest_route=\/wp\/v2\/pages\/711\/revisions\/713"}],"wp:attachment":[{"href":"https:\/\/ciencias.lamolina.edu.pe\/index.php?rest_route=%2Fwp%2Fv2%2Fmedia&parent=711"}],"curies":[{"name":"wp","href":"https:\/\/api.w.org\/{rel}","templated":true}]}}