{"id":703,"date":"2023-11-28T15:47:32","date_gmt":"2023-11-28T15:47:32","guid":{"rendered":"https:\/\/ciencias.lamolina.edu.pe\/?page_id=703"},"modified":"2023-11-28T15:48:06","modified_gmt":"2023-11-28T15:48:06","slug":"syllabus-departamento-de-biologia","status":"publish","type":"page","link":"https:\/\/ciencias.lamolina.edu.pe\/?page_id=703","title":{"rendered":"Syllabus Departamento de Biolog\u00eda"},"content":{"rendered":"<p>[et_pb_section fb_built=&#8221;1&#8243; _builder_version=&#8221;4.18.1&#8243; _module_preset=&#8221;default&#8221; custom_padding=&#8221;4px|||||&#8221; locked=&#8221;off&#8221; global_colors_info=&#8221;{}&#8221; theme_builder_area=&#8221;post_content&#8221;][et_pb_row use_custom_gutter=&#8221;on&#8221; _builder_version=&#8221;4.18.1&#8243; _module_preset=&#8221;default&#8221; width=&#8221;100%&#8221; max_width=&#8221;2560px&#8221; min_height=&#8221;259px&#8221; custom_padding=&#8221;0px|||||&#8221; global_colors_info=&#8221;{}&#8221; theme_builder_area=&#8221;post_content&#8221;][et_pb_column type=&#8221;4_4&#8243; _builder_version=&#8221;4.18.1&#8243; _module_preset=&#8221;default&#8221; global_colors_info=&#8221;{}&#8221; theme_builder_area=&#8221;post_content&#8221;][et_pb_image src=&#8221;https:\/\/ciencias.lamolina.edu.pe\/wp-content\/uploads\/2022\/11\/c_biologia-1.jpg&#8221; _builder_version=&#8221;4.18.1&#8243; _module_preset=&#8221;default&#8221; global_colors_info=&#8221;{}&#8221; theme_builder_area=&#8221;post_content&#8221;][\/et_pb_image][\/et_pb_column][\/et_pb_row][et_pb_row use_custom_gutter=&#8221;on&#8221; gutter_width=&#8221;1&#8243; _builder_version=&#8221;4.18.1&#8243; _module_preset=&#8221;default&#8221; width=&#8221;58%&#8221; max_width=&#8221;65%&#8221; custom_margin=&#8221;30px||13px||false|false&#8221; custom_padding=&#8221;4px||4px||false|false&#8221; locked=&#8221;off&#8221; global_colors_info=&#8221;{}&#8221; theme_builder_area=&#8221;post_content&#8221;][et_pb_column type=&#8221;4_4&#8243; _builder_version=&#8221;4.18.1&#8243; _module_preset=&#8221;default&#8221; global_colors_info=&#8221;{}&#8221; theme_builder_area=&#8221;post_content&#8221;][et_pb_text _builder_version=&#8221;4.19.4&#8243; _module_preset=&#8221;default&#8221; text_font=&#8221;Raleway|||on|||||&#8221; text_text_color=&#8221;#0066b1&#8243; text_font_size=&#8221;28px&#8221; text_orientation=&#8221;center&#8221; module_alignment=&#8221;center&#8221; hover_enabled=&#8221;0&#8243; global_colors_info=&#8221;{}&#8221; theme_builder_area=&#8221;post_content&#8221; sticky_enabled=&#8221;0&#8243;]<\/p>\n<p>SYLLABUS DE CURSOS<\/p>\n<p>[\/et_pb_text][et_pb_image src=&#8221;https:\/\/ciencias.lamolina.edu.pe\/wp-content\/uploads\/2022\/10\/pie1.webp&#8221; title_text=&#8221;pie1&#8243; align=&#8221;center&#8221; _builder_version=&#8221;4.18.1&#8243; _module_preset=&#8221;default&#8221; custom_margin=&#8221;2px||2px||true|false&#8221; global_colors_info=&#8221;{}&#8221; theme_builder_area=&#8221;post_content&#8221;][\/et_pb_image][et_pb_text _builder_version=&#8221;4.19.4&#8243; _module_preset=&#8221;default&#8221; text_font=&#8221;Raleway||||||||&#8221; text_font_size=&#8221;16px&#8221; text_orientation=&#8221;justified&#8221; custom_margin=&#8221;43px||43px||true|false&#8221; hover_enabled=&#8221;0&#8243; global_colors_info=&#8221;{}&#8221; theme_builder_area=&#8221;post_content&#8221; sticky_enabled=&#8221;0&#8243;]<\/p>\n<table width=\"0\">\n<tbody>\n<tr>\n<td width=\"163\">\n<p>C\u00f3digo<\/p>\n<\/td>\n<td width=\"479\">\n<p>Asignatura<\/p>\n<\/td>\n<\/tr>\n<tr>\n<td width=\"163\">\n<p>CC1004<\/p>\n<\/td>\n<td width=\"479\">\n<p>Biolog\u00eda General<\/p>\n<\/td>\n<\/tr>\n<tr>\n<td width=\"163\">\n<p>CC1024<\/p>\n<\/td>\n<td width=\"479\">\n<p>Ecolog\u00eda General<\/p>\n<\/td>\n<\/tr>\n<tr>\n<td width=\"163\">\n<p>CC2003<\/p>\n<\/td>\n<td width=\"479\">\n<p>Biolog\u00eda Celular<\/p>\n<\/td>\n<\/tr>\n<tr>\n<td width=\"163\">\n<p>CC4001<\/p>\n<\/td>\n<td width=\"479\">\n<p>Biolog\u00eda Experimental I<\/p>\n<\/td>\n<\/tr>\n<tr>\n<td width=\"163\">\n<p>CC4002<\/p>\n<\/td>\n<td width=\"479\">\n<p>Biolog\u00eda Experimental II<\/p>\n<\/td>\n<\/tr>\n<tr>\n<td width=\"163\">\n<p>CC4003<\/p>\n<\/td>\n<td width=\"479\">\n<p>Biolog\u00eda Experimental III<\/p>\n<\/td>\n<\/tr>\n<tr>\n<td width=\"163\">\n<p>CC1004<\/p>\n<\/td>\n<td width=\"479\">\n<p>Biolog\u00eda General<\/p>\n<\/td>\n<\/tr>\n<tr>\n<td width=\"163\">\n<p>CC5003<\/p>\n<\/td>\n<td width=\"479\">\n<p>Biotecnolog\u00eda<\/p>\n<\/td>\n<\/tr>\n<tr>\n<td width=\"163\">\n<p>CC6002<\/p>\n<\/td>\n<td width=\"479\">\n<p>Bot\u00e1nica Econ\u00f3mica<\/p>\n<\/td>\n<\/tr>\n<tr>\n<td width=\"163\">\n<p>CC1007<\/p>\n<\/td>\n<td width=\"479\">\n<p>Bot\u00e1nica General<\/p>\n<\/td>\n<\/tr>\n<tr>\n<td width=\"163\">\n<p>CC6004<\/p>\n<\/td>\n<td width=\"479\">\n<p>Cultivo de C\u00e9lulas y Tejidos Vegetales<\/p>\n<\/td>\n<\/tr>\n<tr>\n<td width=\"163\">\n<p>CC3069<\/p>\n<\/td>\n<td width=\"479\">\n<p>Diversidad de Angiospermas<\/p>\n<\/td>\n<\/tr>\n<tr>\n<td width=\"163\">\n<p>CC4038<\/p>\n<\/td>\n<td width=\"479\">\n<p>Diversidad de Cordados<\/p>\n<\/td>\n<\/tr>\n<tr>\n<td width=\"163\">\n<p>CC5006<\/p>\n<\/td>\n<td width=\"479\">\n<p>Ecolog\u00eda de Montanas<\/p>\n<\/td>\n<\/tr>\n<tr>\n<td width=\"163\">\n<p>CC3017<\/p>\n<\/td>\n<td width=\"479\">\n<p>Ecolog\u00eda de Poblaciones<\/p>\n<\/td>\n<\/tr>\n<tr>\n<td width=\"163\">\n<p>CC3018<\/p>\n<\/td>\n<td width=\"479\">\n<p>Ecolog\u00eda del Individuo<\/p>\n<\/td>\n<\/tr>\n<tr>\n<td width=\"163\">\n<p>CC1024<\/p>\n<\/td>\n<td width=\"479\">\n<p>Ecolog\u00eda General<\/p>\n<\/td>\n<\/tr>\n<tr>\n<td width=\"163\">\n<p>CC2029<\/p>\n<\/td>\n<td width=\"479\">\n<p>Fisiolog\u00eda Animal<\/p>\n<\/td>\n<\/tr>\n<tr>\n<td width=\"163\">\n<p>CC3030<\/p>\n<\/td>\n<td width=\"479\">\n<p>Fisiolog\u00eda Microbiana<\/p>\n<\/td>\n<\/tr>\n<tr>\n<td width=\"163\">\n<p>CC2030<\/p>\n<\/td>\n<td width=\"479\">\n<p>Fisiolog\u00eda Vegetal<\/p>\n<\/td>\n<\/tr>\n<tr>\n<td width=\"163\">\n<p>CC6006<\/p>\n<\/td>\n<td width=\"479\">\n<p>Fisiolog\u00eda Vegetal Avanzada<\/p>\n<\/td>\n<\/tr>\n<tr>\n<td width=\"163\">\n<p>CC3031<\/p>\n<\/td>\n<td width=\"479\">\n<p>Gen\u00e9tica<\/p>\n<\/td>\n<\/tr>\n<tr>\n<td width=\"163\">\n<p>CC3034<\/p>\n<\/td>\n<td width=\"479\">\n<p>Gen\u00e9tica de Poblaciones<\/p>\n<\/td>\n<\/tr>\n<tr>\n<td width=\"163\">\n<p>CC3038<\/p>\n<\/td>\n<td width=\"479\">\n<p>Gen\u00e9tica Molecular Microbiana<\/p>\n<\/td>\n<\/tr>\n<tr>\n<td width=\"163\">\n<p>CC4055<\/p>\n<\/td>\n<td width=\"479\">\n<p>Herramientas para la Descripci\u00f3n de los Ecosistemas<\/p>\n<\/td>\n<\/tr>\n<tr>\n<td width=\"163\">\n<p>CC6020<\/p>\n<\/td>\n<td width=\"479\">\n<p>Introducci\u00f3n a la Bioseguridad<\/p>\n<\/td>\n<\/tr>\n<tr>\n<td width=\"163\">\n<p>CC5042<\/p>\n<\/td>\n<td width=\"479\">\n<p>Investigaci\u00f3n<\/p>\n<\/td>\n<\/tr>\n<tr>\n<td width=\"163\">\n<p>CC3041<\/p>\n<\/td>\n<td width=\"479\">\n<p>Laboratorio de Gen\u00e9tica<\/p>\n<\/td>\n<\/tr>\n<tr>\n<td width=\"163\">\n<p>CC2034<\/p>\n<\/td>\n<td width=\"479\">\n<p>Laboratorio de Microbiolog\u00eda<\/p>\n<\/td>\n<\/tr>\n<tr>\n<td width=\"163\">\n<p>CC3045<\/p>\n<\/td>\n<td width=\"479\">\n<p>Metabolismo Microbiano<\/p>\n<\/td>\n<\/tr>\n<tr>\n<td width=\"163\">\n<p>CC2038<\/p>\n<\/td>\n<td width=\"479\">\n<p>Microbiolog\u00eda<\/p>\n<\/td>\n<\/tr>\n<tr>\n<td width=\"163\">\n<p>CC4020<\/p>\n<\/td>\n<td width=\"479\">\n<p>Microbiolog\u00eda Industrial<\/p>\n<\/td>\n<\/tr>\n<tr>\n<td width=\"163\">\n<p>CC6011<\/p>\n<\/td>\n<td width=\"479\">\n<p>Morfog\u00e9nesis y Diferenciaci\u00f3n Vegetal<\/p>\n<\/td>\n<\/tr>\n<tr>\n<td width=\"163\">\n<p>CC6012<\/p>\n<\/td>\n<td width=\"479\">\n<p>Principios de Evoluci\u00f3n<\/p>\n<\/td>\n<\/tr>\n<tr>\n<td width=\"163\">\n<p>CC1021<\/p>\n<\/td>\n<td width=\"479\">\n<p>Zoolog\u00eda General<\/p>\n<\/td>\n<\/tr>\n<\/tbody>\n<\/table>\n<p>[\/et_pb_text][\/et_pb_column][\/et_pb_row][\/et_pb_section]<\/p>\n","protected":false},"excerpt":{"rendered":"<p>SYLLABUS DE CURSOS C\u00f3digo Asignatura CC1004 Biolog\u00eda General CC1024 Ecolog\u00eda General CC2003 Biolog\u00eda Celular CC4001 Biolog\u00eda Experimental I CC4002 Biolog\u00eda Experimental II CC4003 Biolog\u00eda Experimental III CC1004 Biolog\u00eda General CC5003 Biotecnolog\u00eda CC6002 Bot\u00e1nica Econ\u00f3mica CC1007 Bot\u00e1nica General CC6004 Cultivo de C\u00e9lulas y Tejidos Vegetales CC3069 Diversidad de Angiospermas CC4038 Diversidad de Cordados CC5006 Ecolog\u00eda de [&hellip;]<\/p>\n","protected":false},"author":1,"featured_media":0,"parent":0,"menu_order":0,"comment_status":"closed","ping_status":"closed","template":"","meta":{"_et_pb_use_builder":"on","_et_pb_old_content":"","_et_gb_content_width":"","om_disable_all_campaigns":false},"_links":{"self":[{"href":"https:\/\/ciencias.lamolina.edu.pe\/index.php?rest_route=\/wp\/v2\/pages\/703"}],"collection":[{"href":"https:\/\/ciencias.lamolina.edu.pe\/index.php?rest_route=\/wp\/v2\/pages"}],"about":[{"href":"https:\/\/ciencias.lamolina.edu.pe\/index.php?rest_route=\/wp\/v2\/types\/page"}],"author":[{"embeddable":true,"href":"https:\/\/ciencias.lamolina.edu.pe\/index.php?rest_route=\/wp\/v2\/users\/1"}],"replies":[{"embeddable":true,"href":"https:\/\/ciencias.lamolina.edu.pe\/index.php?rest_route=%2Fwp%2Fv2%2Fcomments&post=703"}],"version-history":[{"count":2,"href":"https:\/\/ciencias.lamolina.edu.pe\/index.php?rest_route=\/wp\/v2\/pages\/703\/revisions"}],"predecessor-version":[{"id":705,"href":"https:\/\/ciencias.lamolina.edu.pe\/index.php?rest_route=\/wp\/v2\/pages\/703\/revisions\/705"}],"wp:attachment":[{"href":"https:\/\/ciencias.lamolina.edu.pe\/index.php?rest_route=%2Fwp%2Fv2%2Fmedia&parent=703"}],"curies":[{"name":"wp","href":"https:\/\/api.w.org\/{rel}","templated":true}]}}