{"id":691,"date":"2023-11-28T15:22:23","date_gmt":"2023-11-28T15:22:23","guid":{"rendered":"https:\/\/ciencias.lamolina.edu.pe\/?page_id=691"},"modified":"2023-11-28T15:22:32","modified_gmt":"2023-11-28T15:22:32","slug":"plana-docente-departamento-de-matematica","status":"publish","type":"page","link":"https:\/\/ciencias.lamolina.edu.pe\/?page_id=691","title":{"rendered":"Plana Docente Departamento de Matem\u00e1tica"},"content":{"rendered":"<p>[et_pb_section fb_built=&#8221;1&#8243; _builder_version=&#8221;4.18.1&#8243; _module_preset=&#8221;default&#8221; custom_padding=&#8221;4px|||||&#8221; locked=&#8221;off&#8221; global_colors_info=&#8221;{}&#8221; theme_builder_area=&#8221;post_content&#8221;][et_pb_row use_custom_gutter=&#8221;on&#8221; _builder_version=&#8221;4.18.1&#8243; _module_preset=&#8221;default&#8221; width=&#8221;100%&#8221; max_width=&#8221;2560px&#8221; min_height=&#8221;259px&#8221; custom_padding=&#8221;0px|||||&#8221; global_colors_info=&#8221;{}&#8221; theme_builder_area=&#8221;post_content&#8221;][et_pb_column type=&#8221;4_4&#8243; _builder_version=&#8221;4.18.1&#8243; _module_preset=&#8221;default&#8221; global_colors_info=&#8221;{}&#8221; theme_builder_area=&#8221;post_content&#8221;][et_pb_image src=&#8221;https:\/\/ciencias.lamolina.edu.pe\/wp-content\/uploads\/2022\/11\/dpto_matematica.png&#8221; _builder_version=&#8221;4.19.1&#8243; _module_preset=&#8221;default&#8221; global_colors_info=&#8221;{}&#8221; theme_builder_area=&#8221;post_content&#8221;][\/et_pb_image][\/et_pb_column][\/et_pb_row][et_pb_row use_custom_gutter=&#8221;on&#8221; gutter_width=&#8221;1&#8243; _builder_version=&#8221;4.18.1&#8243; _module_preset=&#8221;default&#8221; width=&#8221;58%&#8221; max_width=&#8221;65%&#8221; custom_margin=&#8221;30px||13px||false|false&#8221; custom_padding=&#8221;4px||4px||false|false&#8221; locked=&#8221;off&#8221; global_colors_info=&#8221;{}&#8221; theme_builder_area=&#8221;post_content&#8221;][et_pb_column type=&#8221;4_4&#8243; _builder_version=&#8221;4.18.1&#8243; _module_preset=&#8221;default&#8221; global_colors_info=&#8221;{}&#8221; theme_builder_area=&#8221;post_content&#8221;][et_pb_text _builder_version=&#8221;4.19.4&#8243; _module_preset=&#8221;default&#8221; text_font=&#8221;Raleway|||on|||||&#8221; text_text_color=&#8221;#0066b1&#8243; text_font_size=&#8221;28px&#8221; text_orientation=&#8221;center&#8221; module_alignment=&#8221;center&#8221; hover_enabled=&#8221;0&#8243; global_colors_info=&#8221;{}&#8221; theme_builder_area=&#8221;post_content&#8221; sticky_enabled=&#8221;0&#8243;]<\/p>\n<p>PLANA DOCENTE<\/p>\n<p>[\/et_pb_text][et_pb_image src=&#8221;https:\/\/ciencias.lamolina.edu.pe\/wp-content\/uploads\/2022\/10\/pie1.webp&#8221; title_text=&#8221;pie1&#8243; align=&#8221;center&#8221; _builder_version=&#8221;4.18.1&#8243; _module_preset=&#8221;default&#8221; custom_margin=&#8221;2px||2px||true|false&#8221; global_colors_info=&#8221;{}&#8221; theme_builder_area=&#8221;post_content&#8221;][\/et_pb_image][et_pb_text _builder_version=&#8221;4.19.4&#8243; _module_preset=&#8221;default&#8221; text_font=&#8221;Raleway||||||||&#8221; text_font_size=&#8221;16px&#8221; text_orientation=&#8221;justified&#8221; custom_margin=&#8221;43px||43px||true|false&#8221; hover_enabled=&#8221;0&#8243; global_colors_info=&#8221;{}&#8221; theme_builder_area=&#8221;post_content&#8221; sticky_enabled=&#8221;0&#8243;]<\/p>\n<p><strong>DOCENTE PRINCIPAL<\/strong><\/p>\n<ul>\n<li>Ing. Agric.-Mg. Sc. Leandro Antero Huanca Velarde<\/li>\n<li>Ing. Estad.-Mg. Alfredo Demetrio Moreno Llacza<\/li>\n<li>Ing. Agric.-Mestre. Eng. Esa\u00fal Obreg\u00f3n P\u00e1rraga<\/li>\n<li>Ing. Agric.-Mestre Eng. Civ. V\u00edctor Cornello Trejo Cadillo<\/li>\n<li>Lic. Mat.-Mg. Ely Oliver Guardia Jara<\/li>\n<li>Lic. Mat.-Mg. Aldo Alcides Mendoza Uribe<\/li>\n<li>Lic. Mat.-Maest. Cs.-Dr. Juan Due\u00f1as B\u00e9jar<\/li>\n<li>Ing. Agric.-Mg. Mat. Carlos Julio Rodr\u00edguez Fern\u00e1ndez<\/li>\n<li>Lic. Mat.-Maest. Cs. Alessandri Canchoa Quispe<\/li>\n<\/ul>\n<p>&nbsp;<\/p>\n<p><strong>DOCENTE\u00a0 ASOCIADO<\/strong><\/p>\n<ul>\n<li>Lic. Mat.-Maest. M\u00f3nica Janet Sotomayor Huam\u00e1n<\/li>\n<li>Ing. Ind. Alim.-M. Cs. Ed. Elber Rogelio Vera Rodr\u00edguez<\/li>\n<li>Ing. Agric. Sandro Augusto Alencastre Calder\u00f3n<\/li>\n<li>Ing. Agric. M\u00f3nica Roc\u00edo Guti\u00e9rrez Reynoso<\/li>\n<li>Lic. Mat.-Mg. Mat. Ana Mar\u00eda Zela Apaza<\/li>\n<li>Lic. Mat. Zelideth Julia P\u00e9rez Torres<\/li>\n<li>Ing. Estad.-Mg. Roc\u00edo Consuelo Delgado Aguilar<\/li>\n<li>Econ. Mar\u00eda Elena Villanueva Pinedo<\/li>\n<li>Ing. Min. Augusto Alejandro Guaylupo Curay<\/li>\n<li>Lic. Mat.-Mg. Mat. Alfredo Vel\u00e1squez Flores<\/li>\n<li>Lic. Cs. Fis. Mat.-Mg. Mat. Danny Joel Apaza Nu\u00f1ez<\/li>\n<\/ul>\n<p>&nbsp;<\/p>\n<p><strong>DOCENTE AUXILIAR<\/strong><\/p>\n<ul>\n<li>Lic. Mat.-Mg. Edgar Ovidio Santisteban Le\u00f3n<\/li>\n<li>Lic. Mat.-M. Sc.-Dra. Raquel In\u00e9s Serna D\u00edaz<\/li>\n<li>Lic. Mat.-Mg. Mat. Carlos Augusto Mendoza Taboada<\/li>\n<li>Mat. e Inf.-Mg. Mat. Jorge Emiliano Conde\u00f1a Cahuana<\/li>\n<li>Lic. Mat.-Mg. Mat. Carmen Rosa Monz\u00f3n Monz\u00f3n<\/li>\n<li>Lic. Mat.-Lic. Educ. Mar\u00eda del Pilar Salazar D\u00e1vila<\/li>\n<\/ul>\n<p>&nbsp;<\/p>\n<p><strong>DOCENTE ART\u00cdCULO 470<\/strong><\/p>\n<ul>\n<li>Lic. Cs. Fis. Mat.-Mg. Mat.-Dr. Cs. Mat. Nelson Berrocal Huaman\u00ed<\/li>\n<li>Mg. Mat. Jos\u00e9 Andr\u00e9s Alcalde Sosa<\/li>\n<\/ul>\n<p>&nbsp;<\/p>\n<p><strong>JEFE DE PR\u00c1CTICAS<\/strong><\/p>\n<ul>\n<li>Lic. Patricia del Rosario Mu\u00f1oz Aguirre<\/li>\n<li>Lic. Flor de Mar\u00eda Quisperima Huam\u00e1n<\/li>\n<li>Lic. Mat. Edith Chavely Anco Blas<\/li>\n<li>Maest. Ed. Mat. Ivan Solis Saavedra Mendoza<\/li>\n<\/ul>\n<p>[\/et_pb_text][\/et_pb_column][\/et_pb_row][\/et_pb_section]<\/p>\n","protected":false},"excerpt":{"rendered":"<p>PLANA DOCENTEDOCENTE PRINCIPAL Ing. Agric.-Mg. Sc. Leandro Antero Huanca Velarde Ing. Estad.-Mg. Alfredo Demetrio Moreno Llacza Ing. Agric.-Mestre. Eng. Esa\u00fal Obreg\u00f3n P\u00e1rraga Ing. Agric.-Mestre Eng. Civ. V\u00edctor Cornello Trejo Cadillo Lic. Mat.-Mg. Ely Oliver Guardia Jara Lic. Mat.-Mg. Aldo Alcides Mendoza Uribe Lic. Mat.-Maest. Cs.-Dr. Juan Due\u00f1as B\u00e9jar Ing. Agric.-Mg. Mat. Carlos Julio Rodr\u00edguez Fern\u00e1ndez [&hellip;]<\/p>\n","protected":false},"author":1,"featured_media":0,"parent":0,"menu_order":0,"comment_status":"closed","ping_status":"closed","template":"","meta":{"_et_pb_use_builder":"on","_et_pb_old_content":"","_et_gb_content_width":"","om_disable_all_campaigns":false},"_links":{"self":[{"href":"https:\/\/ciencias.lamolina.edu.pe\/index.php?rest_route=\/wp\/v2\/pages\/691"}],"collection":[{"href":"https:\/\/ciencias.lamolina.edu.pe\/index.php?rest_route=\/wp\/v2\/pages"}],"about":[{"href":"https:\/\/ciencias.lamolina.edu.pe\/index.php?rest_route=\/wp\/v2\/types\/page"}],"author":[{"embeddable":true,"href":"https:\/\/ciencias.lamolina.edu.pe\/index.php?rest_route=\/wp\/v2\/users\/1"}],"replies":[{"embeddable":true,"href":"https:\/\/ciencias.lamolina.edu.pe\/index.php?rest_route=%2Fwp%2Fv2%2Fcomments&post=691"}],"version-history":[{"count":2,"href":"https:\/\/ciencias.lamolina.edu.pe\/index.php?rest_route=\/wp\/v2\/pages\/691\/revisions"}],"predecessor-version":[{"id":694,"href":"https:\/\/ciencias.lamolina.edu.pe\/index.php?rest_route=\/wp\/v2\/pages\/691\/revisions\/694"}],"wp:attachment":[{"href":"https:\/\/ciencias.lamolina.edu.pe\/index.php?rest_route=%2Fwp%2Fv2%2Fmedia&parent=691"}],"curies":[{"name":"wp","href":"https:\/\/api.w.org\/{rel}","templated":true}]}}

Plana Docente Departamento de Matemática

<p>[et_pb_section fb_built=&#8221;1&#8243; _builder_version=&#8221;4.18.1&#8243; _module_preset=&#8221;default&#8221; custom_padding=&#8221;4px|||||&#8221; locked=&#8221;off&#8221; global_colors_info=&#8221;{}&#8221; theme_builder_area=&#8221;post_content&#8221;][et_pb_row use_custom_gutter=&#8221;on&#8221; _builder_version=&#8221;4.18.1&#8243; _module_preset=&#8221;default&#8221; width=&#8221;100%&#8221; max_width=&#8221;2560px&#8221; min_height=&#8221;259px&#8221; custom_padding=&#8221;0px|||||&#8221; global_colors_info=&#8221;{}&#8221; theme_builder_area=&#8221;post_content&#8221;][et_pb_column type=&#8221;4_4&#8243; _builder_version=&#8221;4.18.1&#8243; _module_preset=&#8221;default&#8221; global_colors_info=&#8221;{}&#8221; theme_builder_area=&#8221;post_content&#8221;][et_pb_image src=&#8221;https://ciencias.lamolina.edu.pe/wp-content/uploads/2022/11/dpto_matematica.png&#8221; _builder_version=&#8221;4.19.1&#8243; _module_preset=&#8221;default&#8221; global_colors_info=&#8221;{}&#8221; theme_builder_area=&#8221;post_content&#8221;][/et_pb_image][/et_pb_column][/et_pb_row][et_pb_row use_custom_gutter=&#8221;on&#8221; gutter_width=&#8221;1&#8243; _builder_version=&#8221;4.18.1&#8243; _module_preset=&#8221;default&#8221; width=&#8221;58%&#8221; max_width=&#8221;65%&#8221; custom_margin=&#8221;30px||13px||false|false&#8221; custom_padding=&#8221;4px||4px||false|false&#8221; locked=&#8221;off&#8221; global_colors_info=&#8221;{}&#8221; theme_builder_area=&#8221;post_content&#8221;][et_pb_column type=&#8221;4_4&#8243; _builder_version=&#8221;4.18.1&#8243; _module_preset=&#8221;default&#8221; global_colors_info=&#8221;{}&#8221; theme_builder_area=&#8221;post_content&#8221;][et_pb_text _builder_version=&#8221;4.19.4&#8243; _module_preset=&#8221;default&#8221; text_font=&#8221;Raleway|||on|||||&#8221; text_text_color=&#8221;#0066b1&#8243; text_font_size=&#8221;28px&#8221; text_orientation=&#8221;center&#8221; module_alignment=&#8221;center&#8221; hover_enabled=&#8221;0&#8243; global_colors_info=&#8221;{}&#8221; theme_builder_area=&#8221;post_content&#8221; sticky_enabled=&#8221;0&#8243;]</p>
<p>PLANA DOCENTE</p>
<p>[/et_pb_text][et_pb_image src=&#8221;https://ciencias.lamolina.edu.pe/wp-content/uploads/2022/10/pie1.webp&#8221; title_text=&#8221;pie1&#8243; align=&#8221;center&#8221; _builder_version=&#8221;4.18.1&#8243; _module_preset=&#8221;default&#8221; custom_margin=&#8221;2px||2px||true|false&#8221; global_colors_info=&#8221;{}&#8221; theme_builder_area=&#8221;post_content&#8221;][/et_pb_image][et_pb_text _builder_version=&#8221;4.19.4&#8243; _module_preset=&#8221;default&#8221; text_font=&#8221;Raleway||||||||&#8221; text_font_size=&#8221;16px&#8221; text_orientation=&#8221;justified&#8221; custom_margin=&#8221;43px||43px||true|false&#8221; hover_enabled=&#8221;0&#8243; global_colors_info=&#8221;{}&#8221; theme_builder_area=&#8221;post_content&#8221; sticky_enabled=&#8221;0&#8243;]</p>
<p><strong>DOCENTE PRINCIPAL</strong></p>
<ul>
<li>Ing. Agric.-Mg. Sc. Leandro Antero Huanca Velarde</li>
<li>Ing. Estad.-Mg. Alfredo Demetrio Moreno Llacza</li>
<li>Ing. Agric.-Mestre. Eng. Esaúl Obregón Párraga</li>
<li>Ing. Agric.-Mestre Eng. Civ. Víctor Cornello Trejo Cadillo</li>
<li>Lic. Mat.-Mg. Ely Oliver Guardia Jara</li>
<li>Lic. Mat.-Mg. Aldo Alcides Mendoza Uribe</li>
<li>Lic. Mat.-Maest. Cs.-Dr. Juan Dueñas Béjar</li>
<li>Ing. Agric.-Mg. Mat. Carlos Julio Rodríguez Fernández</li>
<li>Lic. Mat.-Maest. Cs. Alessandri Canchoa Quispe</li>
</ul>
<p>&nbsp;</p>
<p><strong>DOCENTE  ASOCIADO</strong></p>
<ul>
<li>Lic. Mat.-Maest. Mónica Janet Sotomayor Huamán</li>
<li>Ing. Ind. Alim.-M. Cs. Ed. Elber Rogelio Vera Rodríguez</li>
<li>Ing. Agric. Sandro Augusto Alencastre Calderón</li>
<li>Ing. Agric. Mónica Rocío Gutiérrez Reynoso</li>
<li>Lic. Mat.-Mg. Mat. Ana María Zela Apaza</li>
<li>Lic. Mat. Zelideth Julia Pérez Torres</li>
<li>Ing. Estad.-Mg. Rocío Consuelo Delgado Aguilar</li>
<li>Econ. María Elena Villanueva Pinedo</li>
<li>Ing. Min. Augusto Alejandro Guaylupo Curay</li>
<li>Lic. Mat.-Mg. Mat. Alfredo Velásquez Flores</li>
<li>Lic. Cs. Fis. Mat.-Mg. Mat. Danny Joel Apaza Nuñez</li>
</ul>
<p>&nbsp;</p>
<p><strong>DOCENTE AUXILIAR</strong></p>
<ul>
<li>Lic. Mat.-Mg. Edgar Ovidio Santisteban León</li>
<li>Lic. Mat.-M. Sc.-Dra. Raquel Inés Serna Díaz</li>
<li>Lic. Mat.-Mg. Mat. Carlos Augusto Mendoza Taboada</li>
<li>Mat. e Inf.-Mg. Mat. Jorge Emiliano Condeña Cahuana</li>
<li>Lic. Mat.-Mg. Mat. Carmen Rosa Monzón Monzón</li>
<li>Lic. Mat.-Lic. Educ. María del Pilar Salazar Dávila</li>
</ul>
<p>&nbsp;</p>
<p><strong>DOCENTE ARTÍCULO 470</strong></p>
<ul>
<li>Lic. Cs. Fis. Mat.-Mg. Mat.-Dr. Cs. Mat. Nelson Berrocal Huamaní</li>
<li>Mg. Mat. José Andrés Alcalde Sosa</li>
</ul>
<p>&nbsp;</p>
<p><strong>JEFE DE PRÁCTICAS</strong></p>
<ul>
<li>Lic. Patricia del Rosario Muñoz Aguirre</li>
<li>Lic. Flor de María Quisperima Huamán</li>
<li>Lic. Mat. Edith Chavely Anco Blas</li>
<li>Maest. Ed. Mat. Ivan Solis Saavedra Mendoza</li>
</ul>
<p>[/et_pb_text][/et_pb_column][/et_pb_row][/et_pb_section]</p>

<p>PLANA DOCENTEDOCENTE PRINCIPAL Ing. Agric.-Mg. Sc. Leandro Antero Huanca Velarde Ing. Estad.-Mg. Alfredo Demetrio Moreno Llacza Ing. Agric.-Mestre. Eng. Esaúl Obregón Párraga Ing. Agric.-Mestre Eng. Civ. Víctor Cornello Trejo Cadillo Lic. Mat.-Mg. Ely Oliver Guardia Jara Lic. Mat.-Mg. Aldo Alcides Mendoza Uribe Lic. Mat.-Maest. Cs.-Dr. Juan Dueñas Béjar Ing. Agric.-Mg. Mat. Carlos Julio Rodríguez Fernández [&hellip;]</p>
