{"id":687,"date":"2023-11-28T15:16:11","date_gmt":"2023-11-28T15:16:11","guid":{"rendered":"https:\/\/ciencias.lamolina.edu.pe\/?page_id=687"},"modified":"2023-11-28T15:16:11","modified_gmt":"2023-11-28T15:16:11","slug":"plana-docente-departamento-ingenieria-ambiental","status":"publish","type":"page","link":"https:\/\/ciencias.lamolina.edu.pe\/?page_id=687","title":{"rendered":"Plana Docente Departamento Ingenier\u00eda Ambiental"},"content":{"rendered":"<p>[et_pb_section fb_built=&#8221;1&#8243; _builder_version=&#8221;4.18.1&#8243; _module_preset=&#8221;default&#8221; custom_padding=&#8221;4px|||||&#8221; locked=&#8221;off&#8221; global_colors_info=&#8221;{}&#8221; theme_builder_area=&#8221;post_content&#8221;][et_pb_row use_custom_gutter=&#8221;on&#8221; _builder_version=&#8221;4.18.1&#8243; _module_preset=&#8221;default&#8221; width=&#8221;100%&#8221; max_width=&#8221;2560px&#8221; min_height=&#8221;259px&#8221; custom_padding=&#8221;0px|||||&#8221; global_colors_info=&#8221;{}&#8221; theme_builder_area=&#8221;post_content&#8221;][et_pb_column type=&#8221;4_4&#8243; _builder_version=&#8221;4.18.1&#8243; _module_preset=&#8221;default&#8221; global_colors_info=&#8221;{}&#8221; theme_builder_area=&#8221;post_content&#8221;][et_pb_image src=&#8221;https:\/\/ciencias.lamolina.edu.pe\/wp-content\/uploads\/2022\/11\/C_ambiental.jpg&#8221; _builder_version=&#8221;4.19.1&#8243; _module_preset=&#8221;default&#8221; global_colors_info=&#8221;{}&#8221; theme_builder_area=&#8221;post_content&#8221;][\/et_pb_image][\/et_pb_column][\/et_pb_row][et_pb_row use_custom_gutter=&#8221;on&#8221; gutter_width=&#8221;1&#8243; _builder_version=&#8221;4.18.1&#8243; _module_preset=&#8221;default&#8221; width=&#8221;58%&#8221; max_width=&#8221;65%&#8221; custom_margin=&#8221;30px||13px||false|false&#8221; custom_padding=&#8221;4px||4px||false|false&#8221; locked=&#8221;off&#8221; global_colors_info=&#8221;{}&#8221; theme_builder_area=&#8221;post_content&#8221;][et_pb_column type=&#8221;4_4&#8243; _builder_version=&#8221;4.18.1&#8243; _module_preset=&#8221;default&#8221; global_colors_info=&#8221;{}&#8221; theme_builder_area=&#8221;post_content&#8221;][et_pb_text _builder_version=&#8221;4.19.4&#8243; _module_preset=&#8221;default&#8221; text_font=&#8221;Raleway|||on|||||&#8221; text_text_color=&#8221;#0066b1&#8243; text_font_size=&#8221;28px&#8221; text_orientation=&#8221;center&#8221; module_alignment=&#8221;center&#8221; hover_enabled=&#8221;0&#8243; global_colors_info=&#8221;{}&#8221; theme_builder_area=&#8221;post_content&#8221; sticky_enabled=&#8221;0&#8243;]<\/p>\n<p>PLANA DOCENTE<\/p>\n<p>[\/et_pb_text][et_pb_image src=&#8221;https:\/\/ciencias.lamolina.edu.pe\/wp-content\/uploads\/2022\/10\/pie1.webp&#8221; title_text=&#8221;pie1&#8243; align=&#8221;center&#8221; _builder_version=&#8221;4.18.1&#8243; _module_preset=&#8221;default&#8221; custom_margin=&#8221;2px||2px||true|false&#8221; global_colors_info=&#8221;{}&#8221; theme_builder_area=&#8221;post_content&#8221;][\/et_pb_image][et_pb_text _builder_version=&#8221;4.19.4&#8243; _module_preset=&#8221;default&#8221; text_font=&#8221;Raleway||||||||&#8221; text_font_size=&#8221;16px&#8221; text_orientation=&#8221;justified&#8221; custom_margin=&#8221;43px||43px||true|false&#8221; hover_enabled=&#8221;0&#8243; global_colors_info=&#8221;{}&#8221; theme_builder_area=&#8221;post_content&#8221; sticky_enabled=&#8221;0&#8243;]<\/p>\n<p><strong>DOCENTE PRINCIPAL<\/strong><\/p>\n<ul>\n<li>Ing. Amb.-Mg. Sc.-Ph. D. Haline Heidinger Abad\u00eda<\/li>\n<li>Ing. Agric.-Mg. Sc. V\u00edctor Ra\u00fal Miyashiro Kiyan<\/li>\n<li>Ing. Met.-Ph. D. Sergio Artemio Pacsi Valdivia<\/li>\n<li>Ing. Quim.-Dr. Rosemary Vela Cardich<\/li>\n<\/ul>\n<p>&nbsp;<\/p>\n<p><strong>DOCENTE\u00a0 ASOCIADO<\/strong><\/p>\n<ul>\n<li>Ing. Amb.-Mg. Sc. Armando Javier Aramayo Bazzetti<\/li>\n<li>Ing. Agric.-Mg. Sc.-M. Univ. Wilfredo Celestino Balde\u00f3n Quispe<\/li>\n<li>Ing. Agric. Lawrence Enrique Quipuzco Ush\u00f1ahua<\/li>\n<\/ul>\n<p>&nbsp;<\/p>\n<p><strong>DOCENTE AUXILIAR<\/strong><\/p>\n<ul>\n<li>Ing. Amb.-Mg. Sc. Miguel \u00c1ngel Quevedo Beltr\u00e1n<\/li>\n<li>Ing. Amb.-M. S. Vanessa Sof\u00eda Sober\u00f3n Forsberg<\/li>\n<li>Ing. Amb.-M. Lucio Villa Ramos<\/li>\n<\/ul>\n<p>&nbsp;<\/p>\n<p><strong>DOCENTE ART\u00cdCULO 470<\/strong><\/p>\n<ul>\n<li>Mg. Sc. Martha Mar\u00eda Quispe Vivanco<\/li>\n<li>Mg. Sc. Estefan\u00eda Andrea Mercado Tupi\u00f1o<\/li>\n<li>Ing. Amb. Lynda Yohana Arcela Roca<\/li>\n<li>Ing. Amb. Fanny Mabel Carhuacho Leon<\/li>\n<\/ul>\n<p>&nbsp;<\/p>\n<p><strong>JEFE DE PR\u00c1CTICAS<\/strong><\/p>\n<ul>\n<li>Ing. Amb. Erik Nikos C\u00f3rdova Chuquival<\/li>\n<li>Ing. Amb. V\u00edctor Miguel \u00d1avincopa Mu\u00f1oz<\/li>\n<\/ul>\n<p>[\/et_pb_text][\/et_pb_column][\/et_pb_row][\/et_pb_section]<\/p>\n","protected":false},"excerpt":{"rendered":"<p>PLANA DOCENTEDOCENTE PRINCIPAL Ing. Amb.-Mg. Sc.-Ph. D. Haline Heidinger Abad\u00eda Ing. Agric.-Mg. Sc. V\u00edctor Ra\u00fal Miyashiro Kiyan Ing. Met.-Ph. D. Sergio Artemio Pacsi Valdivia Ing. Quim.-Dr. Rosemary Vela Cardich &nbsp; DOCENTE\u00a0 ASOCIADO Ing. Amb.-Mg. Sc. Armando Javier Aramayo Bazzetti Ing. Agric.-Mg. Sc.-M. Univ. Wilfredo Celestino Balde\u00f3n Quispe Ing. Agric. Lawrence Enrique Quipuzco Ush\u00f1ahua &nbsp; DOCENTE [&hellip;]<\/p>\n","protected":false},"author":1,"featured_media":0,"parent":0,"menu_order":0,"comment_status":"closed","ping_status":"closed","template":"","meta":{"_et_pb_use_builder":"on","_et_pb_old_content":"","_et_gb_content_width":"","om_disable_all_campaigns":false},"_links":{"self":[{"href":"https:\/\/ciencias.lamolina.edu.pe\/index.php?rest_route=\/wp\/v2\/pages\/687"}],"collection":[{"href":"https:\/\/ciencias.lamolina.edu.pe\/index.php?rest_route=\/wp\/v2\/pages"}],"about":[{"href":"https:\/\/ciencias.lamolina.edu.pe\/index.php?rest_route=\/wp\/v2\/types\/page"}],"author":[{"embeddable":true,"href":"https:\/\/ciencias.lamolina.edu.pe\/index.php?rest_route=\/wp\/v2\/users\/1"}],"replies":[{"embeddable":true,"href":"https:\/\/ciencias.lamolina.edu.pe\/index.php?rest_route=%2Fwp%2Fv2%2Fcomments&post=687"}],"version-history":[{"count":2,"href":"https:\/\/ciencias.lamolina.edu.pe\/index.php?rest_route=\/wp\/v2\/pages\/687\/revisions"}],"predecessor-version":[{"id":690,"href":"https:\/\/ciencias.lamolina.edu.pe\/index.php?rest_route=\/wp\/v2\/pages\/687\/revisions\/690"}],"wp:attachment":[{"href":"https:\/\/ciencias.lamolina.edu.pe\/index.php?rest_route=%2Fwp%2Fv2%2Fmedia&parent=687"}],"curies":[{"name":"wp","href":"https:\/\/api.w.org\/{rel}","templated":true}]}}