{"id":656,"date":"2023-11-27T13:55:17","date_gmt":"2023-11-27T13:55:17","guid":{"rendered":"https:\/\/ciencias.lamolina.edu.pe\/?page_id=656"},"modified":"2026-02-05T15:14:21","modified_gmt":"2026-02-05T15:14:21","slug":"tramites-academicos","status":"publish","type":"page","link":"https:\/\/ciencias.lamolina.edu.pe\/?page_id=656","title":{"rendered":"Tr\u00e1mites Acad\u00e9micos"},"content":{"rendered":"<p>[et_pb_section fb_built=&#8221;1&#8243; _builder_version=&#8221;4.18.1&#8243; _module_preset=&#8221;default&#8221; custom_padding=&#8221;4px|||||&#8221; locked=&#8221;off&#8221; global_colors_info=&#8221;{}&#8221;][et_pb_row use_custom_gutter=&#8221;on&#8221; _builder_version=&#8221;4.18.1&#8243; _module_preset=&#8221;default&#8221; width=&#8221;100%&#8221; max_width=&#8221;2560px&#8221; min_height=&#8221;259px&#8221; custom_padding=&#8221;0px|||||&#8221; global_colors_info=&#8221;{}&#8221;][et_pb_column type=&#8221;4_4&#8243; _builder_version=&#8221;4.18.1&#8243; _module_preset=&#8221;default&#8221; global_colors_info=&#8221;{}&#8221;][et_pb_image src=&#8221;https:\/\/ciencias.lamolina.edu.pe\/wp-content\/uploads\/2022\/11\/nos.jpg&#8221; title_text=&#8221;nos&#8221; _builder_version=&#8221;4.18.1&#8243; _module_preset=&#8221;default&#8221; global_colors_info=&#8221;{}&#8221;][\/et_pb_image][\/et_pb_column][\/et_pb_row][et_pb_row use_custom_gutter=&#8221;on&#8221; gutter_width=&#8221;1&#8243; _builder_version=&#8221;4.19.4&#8243; _module_preset=&#8221;default&#8221; width=&#8221;58%&#8221; max_width=&#8221;65%&#8221; custom_margin=&#8221;30px||13px||false|false&#8221; custom_padding=&#8221;4px||4px||false|false&#8221; hover_enabled=&#8221;0&#8243; locked=&#8221;off&#8221; global_colors_info=&#8221;{}&#8221; sticky_enabled=&#8221;0&#8243;][et_pb_column type=&#8221;4_4&#8243; _builder_version=&#8221;4.18.1&#8243; _module_preset=&#8221;default&#8221; global_colors_info=&#8221;{}&#8221;][et_pb_text _builder_version=&#8221;4.19.4&#8243; _module_preset=&#8221;default&#8221; text_font=&#8221;Raleway|||on|||||&#8221; text_text_color=&#8221;#0066b1&#8243; text_font_size=&#8221;28px&#8221; text_orientation=&#8221;center&#8221; module_alignment=&#8221;center&#8221; global_colors_info=&#8221;{}&#8221;]<\/p>\n<p>TR\u00c1MITES ACAD\u00c9MICOS<\/p>\n<p>[\/et_pb_text][et_pb_image src=&#8221;https:\/\/ciencias.lamolina.edu.pe\/wp-content\/uploads\/2022\/10\/pie1.webp&#8221; title_text=&#8221;pie1&#8243; align=&#8221;center&#8221; _builder_version=&#8221;4.18.1&#8243; _module_preset=&#8221;default&#8221; custom_margin=&#8221;2px||2px||true|false&#8221; global_colors_info=&#8221;{}&#8221;][\/et_pb_image][et_pb_text _builder_version=&#8221;4.19.4&#8243; _module_preset=&#8221;default&#8221; text_font=&#8221;Raleway||||||||&#8221; text_font_size=&#8221;16px&#8221; text_orientation=&#8221;justified&#8221; custom_margin=&#8221;43px||43px||true|false&#8221; custom_padding=&#8221;0px||1px|||&#8221; global_colors_info=&#8221;{}&#8221;]<\/p>\n<p><strong>croGenerales<\/strong><\/p>\n<p style=\"padding-left: 40px;\"><a href=\"https:\/\/ciencias.lamolina.edu.pe\/wp-content\/uploads\/2023\/02\/1.-FUT.pdf\" target=\"_blank\" rel=\"noopener\"><span>Formulario \u00danico de Tr\u00e1mites para Facultades &#8211; FUT<\/span><\/a><\/p>\n<p style=\"padding-left: 40px;\"><a href=\"http:\/\/www.lamolina.edu.pe\/Rectorado\/transparencia2\/ofic_planificacion\/\" target=\"_blank\" rel=\"noopener\"><span>Pagos de derecho de tr\u00e1mites conforme al Texto \u00danico de Procedimientos Administrativos &#8211; TUPA 2020<\/span><\/a><span><\/span><\/p>\n<p><strong>Traslado y retiro<\/strong><\/p>\n<p style=\"padding-left: 40px;\"><a href=\"https:\/\/ciencias.lamolina.edu.pe\/wp-content\/uploads\/2023\/02\/5.3.3_TRASLADO_INTERNO_V2.doc\" target=\"_blank\" rel=\"noopener\"><span>Traslado interno<\/span>.<\/a><\/p>\n<p style=\"padding-left: 40px;\"><a href=\"https:\/\/ciencias.lamolina.edu.pe\/wp-content\/uploads\/2023\/02\/6.-3.6_RETIRO_TOTAL_DE_CURSOS_EN_FORMA_EXCEPCIONAL_V2.doc\" target=\"_blank\" rel=\"noopener\"><span>Retiro total de cursos en forma excepcional<\/span>.<\/a><\/p>\n<p><strong>Procedimiento de Pr\u00e1cticas Pre Profesionales<\/strong><\/p>\n<p style=\"padding-left: 40px;\"><a href=\"https:\/\/ciencias.lamolina.edu.pe\/wp-content\/uploads\/2024\/10\/PP01.4-FC_Gestion_Practicas.pdf\" target=\"_blank\" rel=\"noopener\"><span>Gesti\u00f3n de Pr\u00e1cticas<\/span><\/a><\/p>\n<p style=\"padding-left: 40px;\"><a href=\"https:\/\/ciencias.lamolina.edu.pe\/wp-content\/uploads\/2023\/02\/4.-FC-PP_03.7_GESTION_DE_LA_PRACTICAS_PRE_PROFESIONALES.pdf\" target=\"_blank\" rel=\"noopener\"><span>Procedimiento\u00a0 de Pr\u00e1cticas preprofesionales<\/span>.<\/a><\/p>\n<p style=\"padding-left: 40px;\"><a href=\"https:\/\/ciencias.lamolina.edu.pe\/wp-content\/uploads\/2024\/10\/Solicitud_de_practicas_pre_profesionales.doc\" target=\"_blank\" rel=\"noopener\">Formato de Solicitud para Pr\u00e1cticas Pre-Profesionales<\/a><\/p>\n<p style=\"padding-left: 40px;\"><strong><\/strong><a href=\"https:\/\/ciencias.lamolina.edu.pe\/wp-content\/uploads\/2024\/10\/F01-PP01.4_FC_Ficha_de_evaluacion_parcial_de_practicas_pre_profesionales.docx\" target=\"_blank\" rel=\"noopener\"><span>Ficha de evaluaci\u00f3n parcial de pr\u00e1cticas pre-profesionales<\/span>.<\/a><\/p>\n<p style=\"padding-left: 40px;\"><a href=\"https:\/\/ciencias.lamolina.edu.pe\/wp-content\/uploads\/2024\/10\/F02-PP01.4_FC_Ficha_de_evaluacion_final_de_practicas_pre_profesionales.docx\" target=\"_blank\" rel=\"noopener\"><span>Ficha de evaluaci\u00f3n final de pr\u00e1cticas pre-profesionales<\/span>.<\/a><\/p>\n<p style=\"padding-left: 40px;\"><a href=\"https:\/\/ciencias.lamolina.edu.pe\/wp-content\/uploads\/2024\/10\/F03-PP01.4_FC_Informe_final_de_practicas_pre_profesionales.docx\" target=\"_blank\" rel=\"noopener\"><span>Informe final de pr\u00e1cticas pre-profesionales<\/span>.<\/a><\/p>\n<p><strong>Procedimiento de Pr\u00e1cticas Profesionales<\/strong><\/p>\n<p style=\"padding-left: 40px;\"><a href=\"https:\/\/ciencias.lamolina.edu.pe\/wp-content\/uploads\/2024\/09\/FORMATO_PRACTICAS_PROFESIONALES_V2.doc\" target=\"_blank\" rel=\"noopener\">Solicitud de Pr\u00e1cticas Profesionales<\/a><\/p>\n<p><strong>Obtenci\u00f3n de Bachiller y T\u00edtulo Profesional<br \/><\/strong><\/p>\n<p style=\"padding-left: 40px;\"><a href=\"https:\/\/ciencias.lamolina.edu.pe\/wp-content\/uploads\/2024\/09\/PP05.2-FC_Obtencion_de_Grados_y_Titulos.pdf\" target=\"_blank\" rel=\"noopener\"><strong>Procedimiento de Grados y T\u00edtulos<\/strong><\/a><\/p>\n<p style=\"padding-left: 40px;\"><a href=\"https:\/\/ciencias.lamolina.edu.pe\/wp-content\/uploads\/2025\/07\/Formato_Bachiller_2025.pdf\" target=\"_blank\" rel=\"noopener\"><strong>Formatos para la obtenci\u00f3n del Grado de Bachiller<\/strong><\/a><\/p>\n<p style=\"padding-left: 40px;\"><strong><a href=\"https:\/\/conecta.lamolina.edu.pe\/#\/\" target=\"_blank\" rel=\"noopener\">Seguimiento al Egresado UNALM<\/a><\/strong><\/p>\n<p style=\"padding-left: 40px;\"><strong> <\/strong><strong><a href=\"https:\/\/ciencias.lamolina.edu.pe\/wp-content\/uploads\/2025\/08\/Formato_Titulo_2025.pdf\" target=\"_blank\" rel=\"noopener\">Formatos para la obtenci\u00f3n del T\u00edtulo Profesional<\/a><\/strong><\/p>\n<p><strong>Tesis<br \/>Aprobaci\u00f3n del proyecto de tesis y designaci\u00f3n de jurado<\/strong><\/p>\n<p style=\"padding-left: 40px;\"><strong><a href=\"https:\/\/gavi.lamolina.edu.pe\/gatvi\/index.html\" target=\"_blank\" rel=\"noopener\">Sistema de Gesti\u00f3n de Investigaci\u00f3n &#8211; SGI<\/a><br \/>S\u00edrvase acceder al SGI y revisar el Manual Correspondiente<br \/>Procedimiento para la generaci\u00f3n de Identificador Uniforme de Recursos &#8211; URI<br \/>Directiva de Adecuaci\u00f3n de los Procedimientos de Gesti\u00f3n de Trabajos de<br \/>Investigaci\u00f3n y Tesis de la UNALM a trav\u00e9s del Trabajo Remoto y Virtualizaci\u00f3n <\/strong><\/p>\n<p><strong>Trabajo de Suficiencia<\/strong><\/p>\n<p style=\"padding-left: 40px;\"><a href=\"https:\/\/ciencias.lamolina.edu.pe\/wp-content\/uploads\/2025\/05\/Reglamento_TSP_22_CU_Res-083.22-CU.pdf\" target=\"_blank\" rel=\"noopener\"><strong>Reglamento de Titulaci\u00f3n por Trabajo de Suficiencia Profesional 2022<\/strong><\/a><\/p>\n<p style=\"padding-left: 40px;\"><a href=\"https:\/\/drive.google.com\/file\/d\/1Dokj7fzNgF1NPYh6IQJ3R_OHRiT87bQT\/view?usp=sharing\" target=\"_blank\" rel=\"noopener\"><strong>Cronograma por Trabajo de Suficiencia Profesional 2026<\/strong><\/a><\/p>\n<p style=\"padding-left: 40px;\"><a href=\"https:\/\/docs.google.com\/document\/d\/19x1lYpG8RQGOAvaj8fvs8IMlhqZgJIjM\/edit?usp=sharing&amp;ouid=104052488661483410785&amp;rtpof=true&amp;sd=true\" target=\"_blank\" rel=\"noopener\"><strong>Cartas de Compromiso por Trabajo de Suficiencia Profesional 2026<\/strong><\/a><\/p>\n<p>[\/et_pb_text][\/et_pb_column][\/et_pb_row][\/et_pb_section]<\/p>\n","protected":false},"excerpt":{"rendered":"<p>TR\u00c1MITES ACAD\u00c9MICOScroGenerales Formulario \u00danico de Tr\u00e1mites para Facultades &#8211; FUT Pagos de derecho de tr\u00e1mites conforme al Texto \u00danico de Procedimientos Administrativos &#8211; TUPA 2020 Traslado y retiro Traslado interno. Retiro total de cursos en forma excepcional. Procedimiento de Pr\u00e1cticas Pre Profesionales Gesti\u00f3n de Pr\u00e1cticas Procedimiento\u00a0 de Pr\u00e1cticas preprofesionales. Formato de Solicitud para Pr\u00e1cticas Pre-Profesionales [&hellip;]<\/p>\n","protected":false},"author":1,"featured_media":0,"parent":0,"menu_order":0,"comment_status":"closed","ping_status":"closed","template":"","meta":{"_et_pb_use_builder":"on","_et_pb_old_content":"","_et_gb_content_width":"","om_disable_all_campaigns":false},"_links":{"self":[{"href":"https:\/\/ciencias.lamolina.edu.pe\/index.php?rest_route=\/wp\/v2\/pages\/656"}],"collection":[{"href":"https:\/\/ciencias.lamolina.edu.pe\/index.php?rest_route=\/wp\/v2\/pages"}],"about":[{"href":"https:\/\/ciencias.lamolina.edu.pe\/index.php?rest_route=\/wp\/v2\/types\/page"}],"author":[{"embeddable":true,"href":"https:\/\/ciencias.lamolina.edu.pe\/index.php?rest_route=\/wp\/v2\/users\/1"}],"replies":[{"embeddable":true,"href":"https:\/\/ciencias.lamolina.edu.pe\/index.php?rest_route=%2Fwp%2Fv2%2Fcomments&post=656"}],"version-history":[{"count":30,"href":"https:\/\/ciencias.lamolina.edu.pe\/index.php?rest_route=\/wp\/v2\/pages\/656\/revisions"}],"predecessor-version":[{"id":1017,"href":"https:\/\/ciencias.lamolina.edu.pe\/index.php?rest_route=\/wp\/v2\/pages\/656\/revisions\/1017"}],"wp:attachment":[{"href":"https:\/\/ciencias.lamolina.edu.pe\/index.php?rest_route=%2Fwp%2Fv2%2Fmedia&parent=656"}],"curies":[{"name":"wp","href":"https:\/\/api.w.org\/{rel}","templated":true}]}}