{"id":118,"date":"2022-11-02T05:13:43","date_gmt":"2022-11-02T05:13:43","guid":{"rendered":"http:\/\/ciencias.lamolina.edu.pe\/?page_id=118"},"modified":"2022-11-02T05:44:55","modified_gmt":"2022-11-02T05:44:55","slug":"biologia-ingresante","status":"publish","type":"page","link":"https:\/\/ciencias.lamolina.edu.pe\/?page_id=118","title":{"rendered":"BIOLOG\u00cdA &#8211; Perfil del Ingresante"},"content":{"rendered":"<p>[et_pb_section fb_built=&#8221;1&#8243; _builder_version=&#8221;4.18.1&#8243; _module_preset=&#8221;default&#8221; custom_padding=&#8221;4px|||||&#8221; global_colors_info=&#8221;{}&#8221;][et_pb_row use_custom_gutter=&#8221;on&#8221; _builder_version=&#8221;4.18.1&#8243; _module_preset=&#8221;default&#8221; width=&#8221;100%&#8221; max_width=&#8221;2560px&#8221; min_height=&#8221;259px&#8221; custom_padding=&#8221;0px|||||&#8221; global_colors_info=&#8221;{}&#8221;][et_pb_column type=&#8221;4_4&#8243; _builder_version=&#8221;4.18.1&#8243; _module_preset=&#8221;default&#8221; global_colors_info=&#8221;{}&#8221;][et_pb_image src=&#8221;https:\/\/ciencias.lamolina.edu.pe\/wp-content\/uploads\/2022\/11\/c_biologia-1.jpg&#8221; _builder_version=&#8221;4.18.1&#8243; _module_preset=&#8221;default&#8221; global_colors_info=&#8221;{}&#8221;][\/et_pb_image][\/et_pb_column][\/et_pb_row][et_pb_row use_custom_gutter=&#8221;on&#8221; gutter_width=&#8221;1&#8243; _builder_version=&#8221;4.18.1&#8243; _module_preset=&#8221;default&#8221; width=&#8221;58%&#8221; max_width=&#8221;65%&#8221; custom_margin=&#8221;30px||13px||false|false&#8221; custom_padding=&#8221;4px||4px||false|false&#8221; locked=&#8221;off&#8221; global_colors_info=&#8221;{}&#8221;][et_pb_column type=&#8221;4_4&#8243; _builder_version=&#8221;4.18.1&#8243; _module_preset=&#8221;default&#8221; global_colors_info=&#8221;{}&#8221;][et_pb_text _builder_version=&#8221;4.18.1&#8243; _module_preset=&#8221;default&#8221; text_font=&#8221;Raleway|||on|||||&#8221; text_text_color=&#8221;#0066b1&#8243; text_font_size=&#8221;28px&#8221; text_orientation=&#8221;center&#8221; module_alignment=&#8221;center&#8221; hover_enabled=&#8221;0&#8243; global_colors_info=&#8221;{}&#8221; sticky_enabled=&#8221;0&#8243;]<\/p>\n<p>PERFIL DE INGRESANTE<\/p>\n<p>[\/et_pb_text][et_pb_image src=&#8221;https:\/\/ciencias.lamolina.edu.pe\/wp-content\/uploads\/2022\/10\/pie1.webp&#8221; title_text=&#8221;pie1&#8243; align=&#8221;center&#8221; _builder_version=&#8221;4.18.1&#8243; _module_preset=&#8221;default&#8221; custom_margin=&#8221;2px||2px||true|false&#8221; global_colors_info=&#8221;{}&#8221;][\/et_pb_image][et_pb_text _builder_version=&#8221;4.18.1&#8243; _module_preset=&#8221;default&#8221; text_font=&#8221;Raleway||||||||&#8221; text_font_size=&#8221;16px&#8221; text_orientation=&#8221;justified&#8221; custom_margin=&#8221;43px||43px||true|false&#8221; global_colors_info=&#8221;{}&#8221;]<\/p>\n<p style=\"text-align: justify;\">El alumno ingresante a la Carrera Profesional de Biolog\u00eda de la Facultad de Ciencias de la Universidad Nacional Agraria La Molina debe tener:<\/p>\n<ul>\n<li style=\"text-align: justify;\">Conocimiento B\u00e1sico de las ciencias naturales incluidas la qu\u00edmica y la f\u00edsica.<\/li>\n<li style=\"text-align: justify;\">Conocimiento elemental de ciencias exactas.<\/li>\n<\/ul>\n<p>Buena comprensi\u00f3n de lectura y habilidades de razonamiento matem\u00e1tico.<\/p>\n<p>Se espera asimismo que todo ingresante disponga de:<\/p>\n<ul>\n<li style=\"text-align: justify;\">Competencias inform\u00e1ticas.<\/li>\n<li style=\"text-align: justify;\">Conocimientos b\u00e1sicos del idioma de ingl\u00e9s.<\/li>\n<li style=\"text-align: justify;\">Capacidad de observaci\u00f3n y an\u00e1lisis de los fen\u00f3menos naturales.<\/li>\n<li style=\"text-align: justify;\">Responsabilidad y sensibilidad sobre la vida en todos sus niveles, la biodiversidad y el bienestar del hombre y el planeta.<\/li>\n<li style=\"text-align: justify;\">Una conducta \u00e9tica y de valores.<\/li>\n<li style=\"text-align: justify;\">Conocimiento de la Importancia de la Ciencias, tecnolog\u00eda e innovaci\u00f3n para el desarrollo nacional.<\/li>\n<li style=\"text-align: justify;\">Inter\u00e9s por la investigaci\u00f3n.<\/li>\n<li style=\"text-align: justify;\">Conocimiento de la realidad nacional, temas econ\u00f3micos, sociales y cultura general.<\/li>\n<li style=\"text-align: justify;\">Habilidades para trabajar e interactuar en grupo y en equipo.<\/li>\n<li style=\"text-align: justify;\">Disciplina de lectura.<\/li>\n<li style=\"text-align: justify;\">Eficiente m\u00e9todo de estudio.<\/li>\n<\/ul>\n<p>[\/et_pb_text][\/et_pb_column][\/et_pb_row][et_pb_row use_custom_gutter=&#8221;on&#8221; gutter_width=&#8221;1&#8243; _builder_version=&#8221;4.18.1&#8243; _module_preset=&#8221;default&#8221; width=&#8221;58%&#8221; max_width=&#8221;65%&#8221; custom_margin=&#8221;30px||30px||false|false&#8221; custom_padding=&#8221;4px||4px||false|false&#8221; global_colors_info=&#8221;{}&#8221; locked=&#8221;off&#8221;][et_pb_column type=&#8221;4_4&#8243; _builder_version=&#8221;4.18.1&#8243; _module_preset=&#8221;default&#8221; global_colors_info=&#8221;{}&#8221;][et_pb_text _builder_version=&#8221;4.18.1&#8243; _module_preset=&#8221;default&#8221; text_font=&#8221;Raleway|||on|||||&#8221; text_text_color=&#8221;#0066b1&#8243; text_font_size=&#8221;28px&#8221; text_orientation=&#8221;center&#8221; module_alignment=&#8221;center&#8221; hover_enabled=&#8221;0&#8243; global_colors_info=&#8221;{}&#8221; sticky_enabled=&#8221;0&#8243;]<\/p>\n<p>video<\/p>\n<p>[\/et_pb_text][et_pb_image src=&#8221;https:\/\/ciencias.lamolina.edu.pe\/wp-content\/uploads\/2022\/10\/pie2.webp&#8221; title_text=&#8221;pie2&#8243; align=&#8221;center&#8221; _builder_version=&#8221;4.18.1&#8243; _module_preset=&#8221;default&#8221; custom_margin=&#8221;2px||2px||true|false&#8221; global_colors_info=&#8221;{}&#8221;][\/et_pb_image][et_pb_video src=&#8221;https:\/\/youtu.be\/tzTH6cc6BvQ&#8221; _builder_version=&#8221;4.18.1&#8243; _module_preset=&#8221;default&#8221; width=&#8221;77%&#8221; module_alignment=&#8221;center&#8221; hover_enabled=&#8221;0&#8243; global_colors_info=&#8221;{}&#8221; sticky_enabled=&#8221;0&#8243;][\/et_pb_video][\/et_pb_column][\/et_pb_row][\/et_pb_section]<\/p>\n","protected":false},"excerpt":{"rendered":"<p>PERFIL DE INGRESANTEEl alumno ingresante a la Carrera Profesional de Biolog\u00eda de la Facultad de Ciencias de la Universidad Nacional Agraria La Molina debe tener: Conocimiento B\u00e1sico de las ciencias naturales incluidas la qu\u00edmica y la f\u00edsica. Conocimiento elemental de ciencias exactas. Buena comprensi\u00f3n de lectura y habilidades de razonamiento matem\u00e1tico. Se espera asimismo que [&hellip;]<\/p>\n","protected":false},"author":1,"featured_media":0,"parent":0,"menu_order":0,"comment_status":"closed","ping_status":"closed","template":"","meta":{"_et_pb_use_builder":"on","_et_pb_old_content":"","_et_gb_content_width":"","om_disable_all_campaigns":false},"_links":{"self":[{"href":"https:\/\/ciencias.lamolina.edu.pe\/index.php?rest_route=\/wp\/v2\/pages\/118"}],"collection":[{"href":"https:\/\/ciencias.lamolina.edu.pe\/index.php?rest_route=\/wp\/v2\/pages"}],"about":[{"href":"https:\/\/ciencias.lamolina.edu.pe\/index.php?rest_route=\/wp\/v2\/types\/page"}],"author":[{"embeddable":true,"href":"https:\/\/ciencias.lamolina.edu.pe\/index.php?rest_route=\/wp\/v2\/users\/1"}],"replies":[{"embeddable":true,"href":"https:\/\/ciencias.lamolina.edu.pe\/index.php?rest_route=%2Fwp%2Fv2%2Fcomments&post=118"}],"version-history":[{"count":5,"href":"https:\/\/ciencias.lamolina.edu.pe\/index.php?rest_route=\/wp\/v2\/pages\/118\/revisions"}],"predecessor-version":[{"id":128,"href":"https:\/\/ciencias.lamolina.edu.pe\/index.php?rest_route=\/wp\/v2\/pages\/118\/revisions\/128"}],"wp:attachment":[{"href":"https:\/\/ciencias.lamolina.edu.pe\/index.php?rest_route=%2Fwp%2Fv2%2Fmedia&parent=118"}],"curies":[{"name":"wp","href":"https:\/\/api.w.org\/{rel}","templated":true}]}}